3
Let p be (1 + -24)*(-18 - -17). Suppose 2*h = -5*v + p, -2*v + 3*h = -h + 10. List the prime factors of v.
3
Suppose 0 = 7*y - 9*y + 996. Let i be (-9)/(-18) - y/4. List the prime factors of (10/(-20))/(2/i).
31
Let k = -1309 + 2662. What are the prime factors of k?
3, 11, 41
Suppose -16 = -6*g + 7*g. Let m(h) = h**3 + 17*h**2 + 15*h + 6. What are the prime factors of m(g)?
2, 11
Suppose 2*q + 30 = q. List the prime factors of (-5135)/q + (-1)/6.
3, 19
Let l(y) be the second derivative of -y**3/2 - 2*y**2 - 2*y. Let a be l(-4). What are the prime factors of (-159)/(-12) - 2/a?
13
Suppose 0 = -n + 3*p - 7, -8 - 27 = 5*n - 5*p. Suppose -100 = -4*k - k - 4*h, -5*k + 70 = -2*h. Let l = n + k. What are the prime factors of l?
3
Let r(i) be the first derivative of i**4/4 - 14*i**3/3 - i**2 + 12*i + 11. Let n be r(14). Let l = n + 41. What are the prime factors of l?
5
Let r(u) = 9*u**3 + 6*u**2 - u - 3. List the prime factors of r(4).
5, 7, 19
What are the prime factors of (-3)/27 + (-20168)/(-72) + -6?
2, 137
Let x(p) = -p**3 + 3*p**2 + p - 3. Let l be x(2). Suppose 5*m + 4*w = 72, -l*m + 22 = -m + 5*w. Let t = m - 7. What are the prime factors of t?
3
Let y(c) = c**3 - c**2 - 2*c + 2. Let a be y(2). Suppose 5*q + 4*r - 8 = 4, a*q = -4*r. List the prime factors of 32 - -2 - (2 - q).
2, 3
What are the prime factors of 8/3*(17940/8)/13?
2, 5, 23
Suppose 68740 - 953 = 53*a. What are the prime factors of a?
1279
Let v be 0/((-2)/(2 + 0)). Suppose v = -5*t + 157 - 12. What are the prime factors of t?
29
Suppose -x + 6*x = 0. Suppose 0 = 2*k - 8, -3*j = -3*k - x*k + 6. List the prime factors of j.
2
Let i be ((-20)/(-6))/((-6)/(-9)). Let d be 128/i - (-8)/20. Suppose -4*a = -2*a - d. What are the prime factors of a?
13
Let c be (-56)/4 - (-3 + 1). Let r = -8 - c. Suppose r*q - 2*f - 68 = -7*f, -5*f - 16 = -3*q. What are the prime factors of q?
2, 3
Suppose -j - 3*p + 646 = 0, 3*j - 2*p - 1292 = j. Suppose 2*x + 4*t - j = 0, -13 = x - 5*t - 329. What are the prime factors of x?
3, 107
Suppose -5*k + 8716 = 4*g, 3*k + 4*g = 4555 + 681. Suppose -476 = 4*y - k. What are the prime factors of y?
2, 79
Let y = -1771 + 1893. List the prime factors of y.
2, 61
Let m = -13 + 29. Suppose -x + m = 2*z, -3*x + z = -0*z - 83. What are the prime factors of x?
2, 13
Suppose 2*k + 8 = 6*k. Suppose k*o + 610 = -3*o. List the prime factors of 1/(-2) + o/(-4).
2, 3, 5
Let y(j) be the third derivative of j**6/120 + j**5/10 - j**4/12 - 7*j**3/6 + 8*j**2. What are the prime factors of y(-5)?
2, 7
Let f(a) = -a**2 + 2*a + 8. Let b be f(0). What are the prime factors of 618/8 + (-2)/b?
7, 11
Let y(q) = 8*q. Let l be y(-1). Let k = 2 - l. Suppose 36 = g + k. What are the prime factors of g?
2, 13
Suppose -3 = -w + 17. Let k = 18 - w. List the prime factors of (162/(-3))/(3/k).
2, 3
List the prime factors of (-2)/(-2 - (-1239)/620).
2, 5, 31
Suppose -196 = 3*d - 1741. List the prime factors of d.
5, 103
Let m(n) = n - 11. Let z(k) = 4*k - 4. Let r = 7 - 2. Let b be z(r). What are the prime factors of m(b)?
5
Let q = 1235 - 754. What are the prime factors of q?
13, 37
Let n(o) = o**3 + 10*o**2 - 16*o. Let z be n(-12). Let c be z/(-18) + (-2)/(-3). Let r = c - -3. List the prime factors of r.
3
Suppose j - 330 - 576 = -o, -5*j + 5*o + 4480 = 0. List the prime factors of j.
17, 53
Suppose 2*c + c = 5*s + 3, -c + 5*s - 9 = 0. Let n be ((-18)/5)/(c/(-30)). Let h = -8 + n. What are the prime factors of h?
2, 5
Suppose 121*i - 48*i - 66941 = 0. List the prime factors of i.
7, 131
Let a = -138 + 956. What are the prime factors of a?
2, 409
Suppose -5*i - i = -30. Let m = i + 43. What are the prime factors of m?
2, 3
Suppose -131 - 94 = -3*m. What are the prime factors of m?
3, 5
Let h be 0 + 1 + 3 + -4 + 3. Suppose 5*a - 1172 = -h*z, 2*a = 2*z - 203 + 659. What are the prime factors of a?
2, 29
What are the prime factors of (-3)/(-9) + (90252/27 - 8)?
5, 23, 29
Let h = -4460 - -7431. List the prime factors of h.
2971
Suppose -3*m - 5*t = -1363, -5*m - 5*t - 807 = -3092. List the prime factors of m.
461
Let a = 34 - 30. Let c = 9 - a. Suppose 4*m - 115 = -5*i, 0*m - 2*i = c*m - 165. What are the prime factors of m?
5, 7
Let c be 34/(((-4)/130)/((-7)/35)). Let b = c - 94. What are the prime factors of b?
127
Let m(t) = -2*t**3 - 3 + 0 + 4*t**3 + 1. What are the prime factors of m(2)?
2, 7
Suppose 0 = -0*n + 2*n - 30. Suppose 4*o + 11 = 3*s + 2*o, 4*s = 3*o + n. Suppose -29 = -s*g + 19. What are the prime factors of g?
2
Let s(y) = 202*y - 76. What are the prime factors of s(5)?
2, 467
Suppose 3*j - 5*i - 2807 = 0, 3*i + 2*i = 25. What are the prime factors of j?
2, 59
Let m = 738 - -854. What are the prime factors of m?
2, 199
Let x be 28/140 + 31/(-5). Let a(d) = -19*d + 41. What are the prime factors of a(x)?
5, 31
Let r(j) = j**3 + 7*j**2 - 5*j. Let d be r(-7). Suppose 8*t - 7*t - d = 0. List the prime factors of t.
5, 7
Let v(s) = 4*s + 7. Let f(u) = u - 1. Let d(n) = -3*f(n) - v(n). Let t be d(3). Let i = 80 + t. List the prime factors of i.
5, 11
Let p = 418 - 227. Suppose p = 7*x - 1601. What are the prime factors of x?
2
Let b = 12585 - 8887. What are the prime factors of b?
2, 43
Let b(h) = -h + 2. Let m(a) = -20*a - 4. Let y(g) = -b(g) + m(g). What are the prime factors of y(-9)?
3, 5, 11
Suppose -4*n = -s - 4559, -s + 1925 - 7624 = -5*n. List the prime factors of n.
2, 3, 5, 19
Suppose 3*g + g - 5*z = 8325, -2*g + 4155 = -5*z. What are the prime factors of g?
3, 5, 139
Suppose -2*z - x + 1959 = 22, -4*x = z - 958. What are the prime factors of z?
2, 5, 97
Let o(m) = m**3 + 7*m**2 + 3*m - 8. Let d be o(-6). Let f be (-22)/4 - (-15)/d. List the prime factors of (1*-36)/(6/f).
2, 3
Let m(j) be the third derivative of j**5/60 + 19*j**4/24 + 5*j**3/2 - 9*j**2. Let o = -28 - -8. What are the prime factors of m(o)?
5, 7
Let g(l) be the third derivative of 1/30*l**5 + 0*l**3 + 0 + 0*l - l**2 - 5/24*l**4. List the prime factors of g(5).
5
Let w(n) = -7*n + 1. Let s be w(-1). Suppose -434 = s*k - 1618. Suppose 2*m - k = -4*b, -4*m + 301 = -0*b + 3*b. What are the prime factors of m?
2, 19
Let a be (-2)/(-11) - (-4)/(-22). Suppose 3*i - 4*k - 6 - 12 = a, i + 10 = -4*k. Suppose -5*l + 136 = -2*l + 4*c, i*l - 90 = -2*c. List the prime factors of l.
2, 11
Let u = 11 - 7. Let a be (34/8 - u)*12. Suppose -7*y + a*y + 104 = 0. List the prime factors of y.
2, 13
What are the prime factors of 131500/(-150)*(-1)/(-2)*-3?
5, 263
Suppose 44*c - 48*c = -124. List the prime factors of c.
31
Suppose -2*n - 3*z = 2*n - 3936, 0 = n - 2*z - 984. List the prime factors of n.
2, 3, 41
Let u be 17 - ((-2 - 0) + 2). Let h = 21 - u. What are the prime factors of 1/(h/(-8)) + 18?
2
Suppose -216 = 10*o - 14*o. Suppose 10*f - o = 236. What are the prime factors of f?
29
Let f = 198 - 213. Let a be -1 - 19/2*2. List the prime factors of f/((-25)/a + -2).
2, 5
Suppose -5*s - x + 2759 = 0, 4*s - 2*x = 2*s + 1094. List the prime factors of s.
19, 29
Suppose -168*q = -171*q + 8001. What are the prime factors of 3/(-6) + q/14?
2, 5, 19
Suppose -47*a + 3*a = -18876. Suppose 5*u + 3*n - 1 = 3*u, 0 = 5*u + n - 22. Suppose u*m + 119 = a. What are the prime factors of m?
2, 31
Let i(z) = z**2 - 7*z + 35. List the prime factors of i(5).
5
Let h(z) = z - 3. Let d be h(-2). Let r = d - 10. Let c = -8 - r. List the prime factors of c.
7
Suppose x - 27 = 2*x + 5*r, -5*r - 39 = 2*x. Let u(b) = -2*b + 44. Let q be u(17). Let n = q - x. What are the prime factors of n?
2, 11
Let h(v) = v**2 + 3*v + 1. Let u be h(-2). Let d be -1 + u + (39 - 1). Suppose -4*o + 2*o + d = 0. List the prime factors of o.
2, 3
Suppose -25*o - 6909 = -20109. List the prime factors of o.
2, 3, 11
Suppose -1782 = -2*a + 2*p + 2482, -a = 2*p - 2129. What are the prime factors of a?
2131
Let f = -1308 - -2202. List the prime factors of f.
2, 3, 149
Suppose -592 - 224 = -4*g. Suppose -4*l - 5*q + 2*q = -224, -4*l + g = -2*q. What are the prime factors of l?
53
Let f be ((-25)/30)/5 + 103/6. Suppose -16*a = -f*a + 115. List the prime factors of a.
5, 23
Let s = 62 - -234. List the prime factors of s.
2, 37
Let s = -191 - -737. List the prime factors of s.
2, 3, 7, 13
Suppose 0 = -0*g - 2*g + 6. Let z(h) = 2*h**2 + 14*h + 7. Let k be z(-7). List the prime 